0 + q. What is the tens digit of b?
2
Suppose 4*y + 16*q - 186 = 14*q, -5*y + 220 = 5*q. Suppose 44*u = y*u - 4700. What is the tens digit of u?
4
Let d be 837/155 - 2/5. Let h(k) = 129*k - 17. What is the tens digit of h(d)?
2
Suppose 108*b - 1858965 = 126183. What is the tens digit of b?
8
Let o(z) be the first derivative of z**5/60 - z**4/12 + 5*z**3/2 - 31*z**2/2 - 22. Let y(t) be the second derivative of o(t). What is the units digit of y(-5)?
0
Let u(i) = -i**3 - 32*i**2 - 35*i - 100. Let f be u(-31). What is the units digit of 2 + (-124)/f*3*-86?
5
Let s(l) = -3*l**2 - 43*l + 20. Let w(r) = r**2 + 11*r - 5. Let k(o) = 2*s(o) + 9*w(o). Let j be k(-10). Let y = j - 118. What is the tens digit of y?
4
Suppose -l + 3*s + 2*s + 30 = 0, -4*l = -3*s - 35. Suppose -5*g - r + 3*r = -2715, -3*g - l*r = -1629. What is the hundreds digit of g?
5
Let i = -36459 - -61927. What is the ten thousands digit of i?
2
Let p = -24 - -27. Suppose 4*f - 3*n + 0*n - 281 = 0, 0 = -p*n + 3. Suppose 0 = -2*x + 85 + f. What is the tens digit of x?
7
Let q = -2 + -1. What is the hundreds digit of (-2947)/(-10 - q) - 4?
4
Let k(a) = 2971*a - 4. What is the hundreds digit of k(1)?
9
Let u(v) be the third derivative of v**4/12 + 10*v**3/3 + v**2. Let w be u(-9). Suppose 0 = -9*h + 4*h, -o - w*h = -143. What is the hundreds digit of o?
1
Let l(j) = -2272*j**3 + 5*j**2 + 38*j + 65. What is the tens digit of l(-2)?
8
Let j(t) = 29*t + 247. Let i be j(-9). What is the units digit of 831 + (-11 - i - 0/1)?
4
Suppose 0 = 214*u - 2909548 - 2562646. What is the units digit of u?
1
Let h(y) = -y**3 - 64*y**2 - 133*y - 107. What is the thousands digit of h(-63)?
4
Let x(l) = -4*l + 6. Let n be x(-2). Suppose -3*g - 32 = -4*c, -n*c + 16*c + 4*g - 16 = 0. What is the units digit of c?
8
Let r = 112 + -112. What is the thousands digit of (26874/(-108))/(1/(-6)) - r?
1
Let j(a) = 7*a**2 + 14*a - 2. Suppose 0 = -2*z - 3*u - 9, 4*z + 5*u - 15 = -34. What is the units digit of j(z)?
6
Let f = -116 - -121. What is the hundreds digit of 5/f*-10*130/(-4)?
3
Let h = -4 - -6. Let r be 2/(-2 + (-1536)/(-764)). What is the tens digit of (r - h/2) + 1?
9
Let w(a) = -a**2 + 9*a + 20. Let m = 14 - 4. Let b be w(m). Suppose -b*i = -6*i - 352. What is the tens digit of i?
8
Suppose -9*b + 2*v + 4582 = 0, 3*b + v + 583 - 2102 = 0. What is the units digit of b?
8
Let c = 44759 + -24936. What is the ten thousands digit of c?
1
Let c(l) = -313*l + 1. Let h be c(-1). Let v(r) = 17*r - 46. Let n be v(3). Suppose -n*k = -71 - h. What is the tens digit of k?
7
Let o(w) = -31*w + 5. Let l = -37 + 37. Let n(j) = -j**3 + 2*j - 3. Let q be n(l). What is the units digit of o(q)?
8
Suppose 78*o - 15 = 73*o, 5*v - o = -1933. Let n = v + 508. What is the units digit of n?
2
Let o = 36899 - -6473. What is the ten thousands digit of o?
4
Let w be (-4404)/48 + -1 + (-6)/(-8). Let z = 21 - w. Let q = -68 + z. What is the tens digit of q?
4
Let f = 922 + 1128. What is the thousands digit of f?
2
Let z(j) = -3*j**2 + 21*j + 31. Let p be z(8). Suppose p*q - 612 = 5*q. What is the units digit of q?
6
Suppose -29*t = -367732 - 4715. What is the ten thousands digit of t?
1
Let u = -2027 + 3053. Suppose -21*b + 11427 = -u. What is the units digit of b?
3
Let i(r) be the third derivative of -21*r**4/8 + 229*r**3/6 - r**2. What is the hundreds digit of i(-9)?
7
Suppose -2*z + 5*z - 2*d - 339 = 0, 3*z + 2*d = 339. Suppose 3*g + 42 = s, -4*g = -0*s + 3*s - z. What is the tens digit of s?
3
Suppose 0 = 43*f - 32*f - 401940. Suppose -61*y = -81*y + f. What is the hundreds digit of y?
8
Suppose -4*h - 3*d + 13051 = 0, -3*h - 103*d + 107*d + 9807 = 0. What is the tens digit of h?
6
Suppose -5*q + 3*s + 39852 = 0, 1747*s = 2*q + 1743*s - 15924. What is the tens digit of q?
7
Let y = 142 - 55. Let w = -51 + y. Suppose -w = -5*u + 84. What is the tens digit of u?
2
Let t be (-24)/15*(0 + -5). Suppose t*f = 7*f + 76. Let h = 155 - f. What is the tens digit of h?
7
Suppose 143*p - 125*p - 129771 = 97065. What is the hundreds digit of p?
6
Let v be (-2 + 1)*(6 - (10 + -4)). Suppose -2*c = 5*m - v*c - 1854, -5*m + 2*c + 1866 = 0. What is the units digit of m?
2
Let o(x) = 8*x**3 + 163*x + 44*x**2 + 40 + 10*x**3 + 13*x**3 - 32*x**3. What is the hundreds digit of o(47)?
0
Let t(u) = 5*u**3 - 2*u**2 + u. Let j be t(1). Suppose c = -j*g + 56, 3*g - 6 = 4*c + 17. Let r = g + 10. What is the tens digit of r?
2
Let c = 34 + 41. Let n = 371 - c. Suppose n = 5*k - 144. What is the units digit of k?
8
Let x be 16/24 - (-4)/(-6). Suppose 23*s - 21*s - 58 = x. What is the units digit of s?
9
Suppose -f + 20568 = s, -86*s = f - 81*s - 20588. What is the ten thousands digit of f?
2
Let c = 73174 + -27352. What is the tens digit of c?
2
Let p = -101 - -61. What is the thousands digit of p/5 + 35*32?
1
Let j = 19487 + 18844. Suppose 17*f = j - 8207. What is the units digit of f?
2
Suppose 0 = 4*i + 3*z - 53, 0 = -5*i + 7*z - 2*z + 40. Let t be (i - 11)*2/4. What is the units digit of 0 - (-155 - (t - -4))?
9
Let o(l) = l**3 - 3*l**2 + 64*l - 125. What is the thousands digit of o(28)?
1
Suppose 0*x = -x. Let u be 2/((-5)/(-30) - (-119)/(-786)). Suppose x = -3*m + o + 286, 3*m - 3*o - u = 145. What is the tens digit of m?
9
Let h = 81 + -23. Suppose 2*d = -2*u + h, 145 = -3*d + 8*d - 5*u. Suppose 35*a - d*a - 390 = 0. What is the units digit of a?
5
Let b be (-247578)/(-14) - -2 - (-1)/(-7). What is the thousands digit of 2 + b/12 - (-39)/234?
1
Suppose -4*u + 3*v + 66 = 7, 2*u + 2*v - 12 = 0. Suppose -u*h + 13*h = 358. What is the tens digit of h?
7
Suppose u + 4*u = 4*w + 2164, -1291 = -3*u - 5*w. Suppose 7263 - 2623 = -16*b. Let t = u + b. What is the tens digit of t?
4
Suppose -24774 = -2*f - 4*q, -q - 12372 = -46*f + 45*f. What is the tens digit of f?
7
Suppose 5*q + 8 = 33. Suppose 11*t + q*t = 12*t. Suppose 0*y + y - 117 = t. What is the tens digit of y?
1
Let y(f) = 22951*f + 35. What is the units digit of y(1)?
6
Let a(r) be the first derivative of r**4/4 + 8*r**3/3 + 6*r**2 + 3*r + 1. Let i be a(-6). Suppose -i*n + 148 = -92. What is the units digit of n?
0
Let o be 66/55*(-5)/2 + 0. Let l = o - -450. What is the tens digit of l?
4
Suppose 7*i = -3*l + 75647, 46791 = 3*l + i - 28880. What is the units digit of l?
5
Suppose 48840 = 3*h - 6993. Suppose 0 = -33*y - 2837 + h. What is the tens digit of y?
7
Suppose -23*x - 243896 = -813146. What is the hundreds digit of x?
7
Suppose 0 = 26*a - 284134 - 79190. What is the hundreds digit of a?
9
Let t(y) = -59*y. Let b be (-6)/((15/(-20))/(-1)). What is the hundreds digit of t(b)?
4
Let x be (0/8)/((-4)/(0 - -2)). Suppose x = -14*g - 1122 + 10264. What is the hundreds digit of g?
6
Let a = 83 + -71. Suppose -1341 = -a*x + 363. Let o = 238 - x. What is the tens digit of o?
9
Let m be 0/(((-40)/(-5))/4). Suppose m = 19*a - 25*a + 306. Suppose -348 = 45*d - a*d. What is the units digit of d?
8
Suppose -h + 19 + 192 = 0. Let o = -195 + 66. Let l = o + h. What is the units digit of l?
2
Let r be 8/(-5)*2*(-35)/28. Suppose g - 2398 = -r*n, 4*n + 8*g - 2406 = 3*g. What is the tens digit of n?
9
Let c = -66 - -72. Suppose 0 = 15*z - 12*z - c. What is the tens digit of (z - -124) + -1 + -1 + 0?
2
Let w be 1*-27*2*(-10)/(-15). Let h = w + 99. What is the units digit of h?
3
Suppose t = -4*r + 5771, -3*t = 2*r - r - 17324. What is the thousands digit of t?
5
Let w = -162 + 174. What is the units digit of 310 - (45/(-6))/(w/(-8))?
5
Suppose -2*h - 16*h - 108 = 0. What is the units digit of (h/16)/((-26)/104)*334?
1
Suppose 0 = q + 5*b - 43959, 2*q - 19*b = -15*b + 87932. What is the tens digit of q?
6
Suppose -7 = -2*n - 3. Suppose 3 = a, -2*k = n*k - 3*a - 775. Suppose 0 = 20*t - 16*t - k. What is the tens digit of t?
4
Suppose 138*i = 128*i + 538300. What is the ten thousands digit of i?
5
Let h = -19917 + 243. What is the tens digit of 2*(2/12)/((-6)/h)?
9
Suppose -2*s = -4 + 6, -1149 = -4*z - 3*s. Let r = -23 + z. What is the tens digit of r?
6
Let f(s) = -230*s - 248. What is the thousands digit of f(-17)?
3
What is the thousands digit of 370/1295 - (-1 + 7)*(-128276)/28?
7
Let f(j) = j**2 - 6*j - 2. Let b be f(7). Suppose -b = 3*l - 17. Suppose 3*p = l*p - 73. What is the tens digit of p?
7
Suppose -2*y 